*x**2 + 30*x - 51. Calculate l(3).
3342
Let c(k) = 9*k + 735. Calculate c(-130).
-435
Let v(p) = 148*p - 6435. Give v(60).
2445
Let f(w) = -875*w - 54587. Determine f(-59).
-2962
Let b(j) = -2312*j + 99408. Give b(43).
-8
Let n(q) = -7*q**3 + 25*q**2 + 16*q - 13. Calculate n(-3).
353
Let w(u) = 6*u**2 - 150*u + 354. Determine w(21).
-150
Let y(f) = 124599*f - 3737972. Give y(30).
-2
Let l(d) = d**3 + 189*d**2 - 19121*d + 1322. Determine l(-262).
12
Let k(r) = -8200*r + 32809. Calculate k(4).
9
Let l(f) = -32*f - 1036. Calculate l(-23).
-300
Let v(a) = 2986*a + 11897. What is v(-4)?
-47
Let u(h) = 3*h**2 - 274*h - 37193. Determine u(166).
-9
Let q(a) = 2*a**3 + 454*a**2 - 12600*a + 6. Give q(-252).
6
Let j(z) = z**3 + 85*z**2 - 1387*z + 92. Determine j(-99).
191
Let j(k) = -36*k**2 + 164*k - 72. What is j(6)?
-384
Let l(b) = -b**3 - 38*b**2 + 48*b - 1306. Calculate l(-40).
-26
Let o(m) = 265*m**2 - 201*m + 846. Calculate o(4).
4282
Let i(a) = 1400*a + 415817. Determine i(-297).
17
Let j(w) = 631*w - 10766. What is j(17)?
-39
Let g(p) = -160*p + 30673. Determine g(189).
433
Let f(i) = 114*i + 2254. Give f(-25).
-596
Let y(a) = 756*a**2 - 13570*a - 684. Calculate y(18).
0
Let b(g) = -681*g + 3607. Give b(7).
-1160
Let j(o) = 76*o - 797. Calculate j(0).
-797
Let m(v) = -48663*v + 145967. Give m(3).
-22
Let z(m) = 6*m**3 + 778*m**2 + 521*m + 629. Determine z(-129).
-16
Let b(a) = 253*a + 4192. Give b(-16).
144
Let g(d) = -117*d**2 + 5*d - 3895. Give g(0).
-3895
Let h(c) = -5995*c + 323707. Calculate h(54).
-23
Let w(n) = n**3 + 948*n**2 + 12185*n + 368. Give w(-13).
-22
Let h(l) = -l**3 - 28*l**2 - 99*l - 333. What is h(-24)?
-261
Let a(l) = -12*l**3 - 82*l**2 + 19*l + 139. Determine a(-9).
2074
Let h(x) = 26582*x - 584798. Give h(22).
6
Let b(r) = -11*r**2 - 466*r - 2183. Calculate b(-37).
0
Let s(f) = -3023*f + 87672. Determine s(29).
5
Let v(l) = -248*l**2 + 77*l + 265. Give v(-4).
-4011
Let x(m) = 5*m**2 + 573*m - 3087. Calculate x(-120).
153
Let j(d) = -13975*d - 825091. Calculate j(-59).
-566
Let p(v) = -14*v**2 - 6116*v + 127920. Calculate p(20).
0
Let q(m) = -8*m**3 - 97*m**2 + 841*m - 93. What is q(-18)?
-3
Let i(p) = 7421*p + 88520. What is i(-12)?
-532
Let h(q) = 759*q**2 - 20*q - 3. Determine h(-1).
776
Let u(q) = -q**3 - 27*q**2 + 129*q - 858. Calculate u(-32).
134
Let x(l) = 14648*l - 3237195. Give x(221).
13
Let o(j) = 83*j**2 + 2*j - 35. Give o(2).
301
Let g(d) = 96*d**2 - 1981*d + 8913. Calculate g(14).
-5
Let z(r) = -2*r**2 + 660*r + 2. Calculate z(330).
2
Let z(s) = -24535*s - 73519. Give z(-3).
86
Let w(s) = 14750*s + 88480. Calculate w(-6).
-20
Let o(h) = -2*h**2 - 4345*h + 3837082. Determine o(674).
0
Let q(s) = -4*s**2 + 68698*s - 68698. Give q(1).
-4
Let r(z) = 15*z**3 - 247*z**2 + 231*z + 13. Determine r(1).
12
Let k(h) = 10214*h - 4943587. Determine k(484).
-11
Let p(y) = -y**3 - 615*y**2 - 5326*y + 77627. Give p(-606).
59
Let l(v) = -v**3 - 58*v**2 - 315*v + 35. What is l(-52)?
191
Let l(y) = -21717*y + 390995. Determine l(18).
89
Let t(b) = -485743*b + 2914436. What is t(6)?
-22
Let c(f) = 15*f**2 - 414*f - 135. Determine c(26).
-759
Let o(r) = -3386*r - 6611. What is o(-2)?
161
Let i(n) = -n**2 - 12*n + 187448. What is i(427)?
-5
Let d(k) = 27925*k + 334876. Give d(-12).
-224
Let h(r) = -49*r**2 + 2349*r + 22. Give h(48).
-122
Let c(z) = 91*z**3 - 359*z**2 + 114*z - 498. Give c(4).
38
Let p(s) = 18*s**2 - 265*s - 3418. What is p(23)?
9
Let s(f) = f**3 - 510*f**2 - 31685*f + 494. What is s(-56)?
-122
Let a(z) = -z**2 + 20*z + 1458. Give a(49).
37
Let h(y) = -y**2 + 10166*y + 71183. What is h(-7)?
-28
Let w(r) = -6*r**2 - 43*r - 2988. Give w(-31).
-7421
Let s(b) = b**2 + 3002*b - 462941. Give s(147).
-38
Let r(v) = -v**3 - 3*v**2 - 7*v - 162. What is r(8)?
-922
Let v(q) = -q**3 + q**2 - 40*q + 91. Give v(0).
91
Let y(m) = -407*m - 7784. Give y(-20).
356
Let j(d) = 52078*d - 312579. What is j(6)?
-111
Let v(u) = -856*u - 36801. Determine v(-43).
7
Let p(r) = 11*r**2 - 31*r - 164. Calculate p(9).
448
Let t(h) = 53039*h - 53041. What is t(1)?
-2
Let u(x) = -3*x**3 - 33*x**2 - 4305*x - 42735. Give u(-10).
15
Let r(a) = -3*a**3 + 39*a**2 - 132*a + 362. What is r(10)?
-58
Let n(r) = -306*r - 4296. Determine n(-14).
-12
Let z(j) = 3*j**2 - 2*j - 14. Determine z(7).
119
Let p(l) = -l**3 + 26*l**2 + 1141*l - 30541. Determine p(-34).
25
Let v(r) = -28*r**3 + 538*r**2 - 120*r + 111. Determine v(19).
-3
Let x(v) = -v**3 + 8*v**2 + 183*v - 14. Give x(18).
40
Let r(s) = -55*s**2 - 52*s + 671. Give r(0).
671
Let v(s) = -2*s**3 - 194*s**2 - 359*s + 56. Calculate v(-2).
14
Let z(x) = 349*x + 3278. What is z(-7)?
835
Let p(b) = -886*b**2 + 7304*b + 53. Calculate p(8).
1781
Let u(q) = 2*q**3 + 63*q**2 + 265*q - 2488. Determine u(-12).
-52
Let c(k) = 71256*k + 71281. Give c(-1).
25
Let m(v) = v**3 + 75*v**2 - 5563*v + 43. Determine m(46).
181
Let q(d) = -d**3 + 8*d**2 + 524*d + 46. Give q(-17).
-1637
Let z(m) = -179*m - 8061. Calculate z(-47).
352
Let r(z) = -12536*z - 25009. Give r(-2).
63
Let w(v) = -68940*v + 482547. Calculate w(7).
-33
Let x(s) = -s**2 + 80728*s + 242191. Determine x(-3).
-2
Let m(w) = 4*w**3 - 158*w**2 + 1052*w - 54. What is m(7)?
940
Let i(x) = x**3 - 33*x**2 + 231*x + 38. Determine i(28).
2586
Let o(d) = -176*d - 45250. What is o(-260)?
510
Let h(u) = 59*u - 100. What is h(-7)?
-513
Let f(k) = -12860*k + 35532180. Calculate f(2763).
0
Let c(x) = -4*x**3 - 12*x**2 + 42*x + 84. What is c(-5)?
74
Let n(l) = -1366*l + 1411. What is n(0)?
1411
Let s(w) = -w**3 - 19*w**2 + 361*w + 2486. Give s(-8).
-1106
Let b(u) = 399*u**2 - 1616*u - 17. Give b(4).
-97
Let t(x) = -2*x**3 - 22*x**2 - 14*x + 218. Determine t(-9).
20
Let g(i) = 2*i**2 - 90*i - 152. What is g(31)?
-1020
Let w(x) = -21*x**3 - 2226*x**2 - 5*x - 196. Give w(-106).
334
Let f(g) = -g**2 - 118975*g - 475885. Calculate f(-4).
-1
Let g(f) = 142698*f - 5279835. Give g(37).
-9
Let j(g) = -81*g**2 - 208691*g - 90155. What is j(-2576)?
5
Let w(k) = k**3 + 41*k**2 + 563*k + 15335. What is w(-37)?
-20
Let p(s) = -398*s + 49043. Calculate p(122).
487
Let q(j) = -8028*j + 72253. Calculate q(9).
1
Let v(t) = -123*t + 1217. What is v(-7)?
2078
Let n(r) = 43*r - 3442. Determine n(82).
84
Let t(l) = -467*l**2 - 4694*l - 25. Determine t(-10).
215
Let j(f) = 11*f**2 + 2570*f - 3208. Calculate j(-235).
317
Let n(y) = -6*y**3 - 47*y**2 - 47*y - 98. What is n(-8)?
342
Let j(q) = -8*q**2 + 5110*q - 15242. Calculate j(3).
16
Let n(m) = -1279763*m - 10238108. Calculate n(-8).
-4
Let y(t) = 15*t**2 + 307*t - 927. Give y(-21).
-759
Let c(w) = w**3 + 66*w**2 - 56*w - 2117. Calculate c(-65).
5748
Let r(n) = -n**2 - 689*n + 60695. Give r(79).
23
Let r(j) = -13*j**2 - 1943*j - 415. What is r(-149)?
479
Let w(l) = -28*l**2 + 61*l - 24. Give w(4).
-228
Let t(h) = 3*h**2 + 43*h + 230. Calculate t(-18).
428
Let u(d) = 56822*d - 511430. Give u(9).
-32
Let u(q) = -q**3 + 71*q**2 - 129*q + 11612. What is u(71)?
2453
Let v(h) = 5*h**3 - 166*h**2 + 34*h + 62. What is v(33)?
95
Let t(a) = -a**3 + 125*a**2 + 503*a + 1100. Give t(129).
-577
Let b(a) = -2*a**3 + 19*a**2 - 26*a + 45. Calculate b(9).
-108
Let d(s) = -4826*s - 77270. Give d(-16).
-54
Let l(i) = 15*i**2 - 381*i - 170279. Determine l(120).
1
Let s(a) = 2*a**2 - 833*a + 5009. What is s(6)?
83
Let u(p) = -422*p - 48095. What is u(-115)?
435
Let s(u) = 20*u**2 + 2739*u - 313. Calculate s(-138).
2585
Let z(n) = n**2 + 2953*n + 325753. Determine z(-115).
-617
Let m(b) = -b**2 + 29042*b + 3470178. What is m(-119)?
19
Let r(s) = s**2 + 1511*s - 28876. Give r(19).
194
Let y(x) = -4*x**2 + 51*x + 85. Give y(18).
-293
Let a(m) = 10*m**2 + 1614*m + 9697. What is a(-6)?
373
Let t(p) = -6*p**3 - 161*p**2 + 32*p + 160. Determine t(-27).
25
Let h(v) = -2*v**2 - 94*v + 141. What is h(-49)?
-55
Let s(t) = -t**3 + 62*t**2 + 1138*t - 79374. Determine s(58).
86
Let d(l) = 150*l**2 - 1358*l + 72. Determine d(9).
0
Let s(z) = -195*z**2 + 13275*z - 1015. Give s(68).
5
Let g(b) = -b**3 - 116*b**2 + 52341*b + 2649. Determine g(-294).
3
Let x(q) = -1025*q - 29820. Determine x(-29).
-95
Let d(a) = -3*a**3 - 40*a**2 - 9*a + 375. Calculate d(-11).
-373
Let l(b) = b**2 + 289*b + 18985. Determine l(-189).
85
Let f(g) = 77*g**2 + 211*g + 11. Determine f(-3).
71
Let k(a) 